{"id":523,"date":"2022-03-21T18:10:53","date_gmt":"2022-03-21T17:10:53","guid":{"rendered":"http:\/\/mooseman-elektronika.local\/?page_id=523"},"modified":"2022-09-08T12:44:49","modified_gmt":"2022-09-08T10:44:49","slug":"speed-altitude-max-value-logger-sd","status":"publish","type":"page","link":"https:\/\/mooseman-elektronika.com\/index.php\/speed-altitude-max-value-logger-sd\/","title":{"rendered":"Speed &#038; Altitude MAX value logger"},"content":{"rendered":"\n<p class=\"has-text-align-center\"><strong>NAGRYWARKA SD<\/strong><\/p>\n\n\n\n<p class=\"has-text-align-justify\">Przedstawione urz\u0105dzenie s\u0142u\u017cy do archiwizacji otrzymanych danych z Loggera na karcie SD. Dane zapisywane s\u0105 w postaci plik\u00f3w CSV (warto\u015bci oddzielane \u015brednikami), kt\u00f3re \u0142atwo mo\u017cna odczyta\u0107 w arkuszu kalkulacyjnym lub notatniku. Do odczytu i analizy danych mo\u017cna wykorzysta\u0107 dedykowany program \u201emE &#8211; LOG Reader\u201d. Przy ka\u017cdym uruchomieniu urz\u0105dzenia, na karcie tworzony jest plik LOG_nn, gdzie nn to kolejny numer pliku. Korzystaj\u0105c z programu \u201emE \u2013 LOG2KML Converter\u201d mamy mo\u017cliwo\u015b\u0107 konwersji pliku LOG na plik KML \u2013 wy\u015bwietlaj\u0105cy na mapie tras\u0119 przebyt\u0105 przez urz\u0105dzenie. Do podgl\u0105du plik\u00f3w KML mo\u017cna u\u017cy\u0107 np. programu Google Earth.<\/p>\n\n\n\n<p class=\"has-text-align-justify\">Urz\u0105dzenie wyposa\u017cone jest w kart\u0119 SD o pojemno\u015bci 2GB. W celu zastosowania innej karty SD, nale\u017cy j\u0105 sformatowa\u0107 w formacie FAT16\/32. Nagrywarka obs\u0142uguje karty o pojemno\u015bci do 16GB.<\/p>\n\n\n\n<p><strong>WYGL\u0104D URZ\u0104DZENIA<\/strong><\/p>\n\n\n\n<figure class=\"wp-block-image size-large\"><img loading=\"lazy\" decoding=\"async\" width=\"945\" height=\"1024\" src=\"http:\/\/mooseman-elektronika.local\/wp-content\/uploads\/2022\/03\/nagrywarka-SD-945x1024.jpg\" alt=\"\" class=\"wp-image-500\" srcset=\"https:\/\/mooseman-elektronika.com\/wp-content\/uploads\/2022\/03\/nagrywarka-SD-945x1024.jpg 945w, https:\/\/mooseman-elektronika.com\/wp-content\/uploads\/2022\/03\/nagrywarka-SD-277x300.jpg 277w, https:\/\/mooseman-elektronika.com\/wp-content\/uploads\/2022\/03\/nagrywarka-SD-768x832.jpg 768w, https:\/\/mooseman-elektronika.com\/wp-content\/uploads\/2022\/03\/nagrywarka-SD-1417x1536.jpg 1417w, https:\/\/mooseman-elektronika.com\/wp-content\/uploads\/2022\/03\/nagrywarka-SD-1890x2048.jpg 1890w, https:\/\/mooseman-elektronika.com\/wp-content\/uploads\/2022\/03\/nagrywarka-SD-600x650.jpg 600w, https:\/\/mooseman-elektronika.com\/wp-content\/uploads\/2022\/03\/nagrywarka-SD.jpg 1948w\" sizes=\"auto, (max-width: 945px) 100vw, 945px\" \/><\/figure>\n\n\n\n<p><\/p>\n\n\n\n<p><\/p>\n\n\n\n<p class=\"has-text-align-justify\">Dodatkowo Nagrywarka pe\u0142ni rol\u0119 HUBa, do kt\u00f3rego pod\u0142\u0105czane s\u0105 obs\u0142ugiwane czujniki. Opr\u00f3cz obs\u0142ugiwanych przez Logger czujnik\u00f3w (Temp1, Temp2, RPM), nagrywarka umo\u017cliwia zapis dodatkowych parametr\u00f3w, kt\u00f3re nie s\u0105 wy\u015bwietlane na wy\u015bwietlaczu, ani nie s\u0105 wysy\u0142ane do Odbiornika na Ziemi.<\/p>\n\n\n\n<p><strong>Opis wyprowadze\u0144:<\/strong><\/p>\n\n\n\n<figure class=\"wp-block-table\"><table><tbody><tr><td><strong>Temp 1<\/strong><\/td><td>wej\u015bcie czujnika temperatury 1<\/td><td>(sygna\u0142, masa)<\/td><\/tr><tr><td><strong>Temp 2<\/strong><\/td><td>wej\u015bcie czujnika temperatury 2<\/td><td>(sygna\u0142, masa)<\/td><\/tr><tr><td><strong>RPM<\/strong><\/td><td>wej\u015bcie czujnika obrot\u00f3w<\/td><td>(sygna\u0142, masa)<\/td><\/tr><tr><td><strong>PWM 1<\/strong><\/td><td>wej\u015bcie 1 kana\u0142u PWM z odbiornika RC<\/td><td>(sygna\u0142, masa)<\/td><\/tr><tr><td><strong>PWM 2<\/strong><\/td><td>wej\u015bcie 2 kana\u0142u PWM z odbiornika RC<\/td><td>(sygna\u0142, masa)<\/td><\/tr><tr><td><strong>A1<\/strong><\/td><td>wej\u015bcie analogowe 1 (zakres 0-5V)<\/td><td>(sygna\u0142, masa)<\/td><\/tr><tr><td><strong>A2<\/strong><\/td><td>wej\u015bcie analogowe 2 (zakres 0-5V)<\/td><td>(sygna\u0142, masa)<\/td><\/tr><tr><td><strong>TX<\/strong><\/td><td>wyj\u015bcie danych do nadajnika RS<\/td><td>(sygna\u0142, +5V, masa)<\/td><\/tr><\/tbody><\/table><\/figure>\n\n\n\n<p class=\"has-text-align-justify\">Wej\u015bcia PWM 1 i 2 s\u0142u\u017c\u0105 do przechwytywania stanu dw\u00f3ch kana\u0142\u00f3w z odbiornika RC (np. po\u0142o\u017cenie dr\u0105\u017cka gazu). Analizuj\u0105c warto\u015b\u0107 tych kana\u0142\u00f3w np. w funkcji pr\u0119dko\u015bci modelu, mo\u017cemy wyznaczy\u0107 tzw. krzyw\u0105 gazu.<\/p>\n\n\n\n<p class=\"has-text-align-justify\">Wej\u015bcia A1 i A2 umo\u017cliwiaj\u0105 pod\u0142\u0105czenie dowolnego czujnika z wyj\u015bciem analogowym, w kt\u00f3rym sygna\u0142 zawiera si\u0119 w zakresie 0 \u2013 5V. W logach dane te zapisywane s\u0105 jako warto\u015bci wbudowanego przetwornika analogowo \u2013 cyfrowego (poziom 0 odpowiada warto\u015bci 0, natomiast poziom 5V odpowiada warto\u015bci 1023). W celu pod\u0142\u0105czenia napi\u0119cia o wy\u017cszym potencjale, nale\u017cy zastosowa\u0107 dzielnik napi\u0119cia. Przeliczanie zapisanych warto\u015bci ADC na warto\u015b\u0107 napi\u0119cia mo\u017cna wykona\u0107 w programie obs\u0142ugi LOG\u00f3w \u201emE &#8211; LOG Reader\u201d<\/p>\n\n\n\n<p>Warto\u015bci, kt\u00f3re zapisywane s\u0105 w pliku log\u00f3w:<\/p>\n\n\n\n<figure class=\"wp-block-table\"><table><tbody><tr><td><strong>BattTX<\/strong><\/td><td>warto\u015b\u0107 napi\u0119cia zasilania Loggera<\/td><\/tr><tr><td><strong>Sats<\/strong><\/td><td>ilo\u015b\u0107 satelit<\/td><\/tr><tr><td><strong>Speed<\/strong><\/td><td>pr\u0119dko\u015b\u0107 pozioma<\/td><\/tr><tr><td><strong>Vs<\/strong><\/td><td>pr\u0119dko\u015b\u0107 pionowa<\/td><\/tr><tr><td><strong>Alt_AGL<\/strong><\/td><td>wysoko\u015b\u0107 wzgl\u0119dna (nad poziomem ziemi)<\/td><\/tr><tr><td><strong>Alt<\/strong><\/td><td>wysoko\u015b\u0107 (nad poziomem morza)<\/td><\/tr><tr><td><strong>Odometr<\/strong><\/td><td>przebyty dystans<\/td><\/tr><tr><td><strong>Max_dist<\/strong><\/td><td>najwi\u0119ksza odleg\u0142o\u015b\u0107 od miejsca startu<\/td><\/tr><tr><td><strong>timer_h<\/strong><\/td><td>timer \u2013 godziny<\/td><\/tr><tr><td><strong>timer_m<\/strong><\/td><td>timer \u2013 minuty<\/td><\/tr><tr><td><strong>timer_s<\/strong><\/td><td>timer \u2013 sekundy<\/td><\/tr><tr><td><strong>Temp1<\/strong><\/td><td>temperatura z czujnika 1<\/td><\/tr><tr><td><strong>Temp2<\/strong><\/td><td>temperatura z czujnika 2<\/td><\/tr><tr><td><strong>Latitude<\/strong><\/td><td>koordynaty GPS \u2013 d\u0142ugo\u015b\u0107 geograficzna<\/td><\/tr><tr><td><strong>Longitude<\/strong><\/td><td>koordynaty GPS \u2013 szeroko\u015b\u0107 geograficzna<\/td><\/tr><tr><td><strong>rpm<\/strong><\/td><td>obroty silnika<\/td><\/tr><tr><td><strong>CH1<\/strong><\/td><td>warto\u015b\u0107 z wej\u015bcia PWM 1 (zakres 0 \u2013 2000)<\/td><\/tr><tr><td><strong>CH2<\/strong><\/td><td>warto\u015b\u0107 z wej\u015bcia PWM 2 (zakres 0 \u2013 2000)<\/td><\/tr><tr><td><strong>AN1<\/strong><\/td><td>warto\u015b\u0107 z wej\u015bcia analogowego 1 (zakres 0 \u2013 1023)<\/td><\/tr><tr><td><strong>AN2<\/strong><\/td><td>warto\u015b\u0107 z wej\u015bcia analogowego 2 (zakres 0 \u2013 1023)<\/td><\/tr><tr><td><strong>timing<\/strong><\/td><td>czas od uruchomienia sterownika (w ms)<\/td><\/tr><tr><td><strong>UTC<\/strong><\/td><td>data i godzina pobrana z GPS (strefa czasowa UTC)<\/td><\/tr><\/tbody><\/table><\/figure>\n\n\n\n<p><strong>WSKA\u0179NIK STATUSU LED:<\/strong><\/p>\n\n\n\n<p class=\"has-text-align-justify\">Wska\u017anik mo\u017ce \u015bwieci\u0107 kolorem czerwonym lub zielonym.&nbsp; Je\u015bli po w\u0142\u0105czeniu urz\u0105dzenia, wska\u017anik \u015bwieci na ZIELONO, oznacza to poprawn\u0105 inicjalizacj\u0119 karty SD. Je\u015bli wska\u017anik \u015bwieci na CZERWONO, karta nie zosta\u0142a prawid\u0142owo zainicjowana lub nie ma jej w og\u00f3le. W takim przypadku nale\u017cy upewni\u0107 si\u0119 \u017ce karta jest w czytniku, a je\u015bli jest i nadal nie dzia\u0142a, to nale\u017cy sformatowa\u0107 j\u0105 do formatu FAT16\/32. Po poprawnej inicjalizacji karty, czytnik zaczyna zapisywa\u0107 dane, sygnalizuj\u0105c ten fakt naprzemiennie zmieniaj\u0105cym si\u0119 kolorem wska\u017anika CZERWONY \/ ZIELONY.<\/p>\n\n\n\n<p><strong>Dane techniczne:<\/strong><\/p>\n\n\n\n<figure class=\"wp-block-table\"><table><tbody><tr><td><strong>Napi\u0119cie zasilania<\/strong><\/td><td>Z Logera<\/td><\/tr><tr><td><strong>Pob\u00f3r pr\u0105du (typ)<\/strong><\/td><td>80 mA<\/td><\/tr><tr><td><strong>Pob\u00f3r pr\u0105du (max) SD, RS TX, TEMP 1 i 2<\/strong><\/td><td>190 mA<\/td><\/tr><tr><td><strong>Waga<\/strong><\/td><td>24 g<\/td><\/tr><tr><td><strong>Wymiary (d\u0142.\/szer.\/wys.) mm<\/strong><\/td><td>50 \/ 15 \/ 33<\/td><\/tr><\/tbody><\/table><\/figure>\n\n\n\n<p><\/p>\n","protected":false},"excerpt":{"rendered":"<p>NAGRYWARKA SD Przedstawione urz\u0105dzenie s\u0142u\u017cy do archiwizacji otrzymanych danych z Loggera na karcie SD. Dane zapisywane s\u0105 w postaci plik\u00f3w CSV (warto\u015bci oddzielane \u015brednikami), kt\u00f3re \u0142atwo mo\u017cna odczyta\u0107 w arkuszu kalkulacyjnym lub notatniku. Do odczytu i analizy danych mo\u017cna wykorzysta\u0107&#8230; <a class=\"more-link\" href=\"https:\/\/mooseman-elektronika.com\/index.php\/speed-altitude-max-value-logger-sd\/\">Czytaj dalej &rarr;<\/a><\/p>\n","protected":false},"author":1,"featured_media":0,"parent":0,"menu_order":0,"comment_status":"closed","ping_status":"closed","template":"template-nosidebar.php","meta":{"_editorskit_title_hidden":false,"_editorskit_reading_time":2,"_editorskit_is_block_options_detached":false,"_editorskit_block_options_position":"{}","footnotes":""},"class_list":["post-523","page","type-page","status-publish","hentry"],"_links":{"self":[{"href":"https:\/\/mooseman-elektronika.com\/index.php\/wp-json\/wp\/v2\/pages\/523","targetHints":{"allow":["GET"]}}],"collection":[{"href":"https:\/\/mooseman-elektronika.com\/index.php\/wp-json\/wp\/v2\/pages"}],"about":[{"href":"https:\/\/mooseman-elektronika.com\/index.php\/wp-json\/wp\/v2\/types\/page"}],"author":[{"embeddable":true,"href":"https:\/\/mooseman-elektronika.com\/index.php\/wp-json\/wp\/v2\/users\/1"}],"replies":[{"embeddable":true,"href":"https:\/\/mooseman-elektronika.com\/index.php\/wp-json\/wp\/v2\/comments?post=523"}],"version-history":[{"count":11,"href":"https:\/\/mooseman-elektronika.com\/index.php\/wp-json\/wp\/v2\/pages\/523\/revisions"}],"predecessor-version":[{"id":587,"href":"https:\/\/mooseman-elektronika.com\/index.php\/wp-json\/wp\/v2\/pages\/523\/revisions\/587"}],"wp:attachment":[{"href":"https:\/\/mooseman-elektronika.com\/index.php\/wp-json\/wp\/v2\/media?parent=523"}],"curies":[{"name":"wp","href":"https:\/\/api.w.org\/{rel}","templated":true}]}}